401663 a composite number?
True
Is 5554943 composite?
False
Is 942645557 composite?
True
Is 164968367 a composite number?
False
Is 251973619 prime?
True
Is 847090687 a prime number?
True
Is 889711 composite?
True
Is 1119983 a prime number?
False
Is 3389219 a composite number?
False
Is 1148837 composite?
False
Is 139303123 composite?
True
Is 16708169 a composite number?
False
Is 366391 prime?
False
Is 1349819 composite?
True
Is 533809 composite?
False
Is 937951323 prime?
False
Is 146917 prime?
True
Is 1562707 prime?
True
Is 2377867 a prime number?
False
Is 1556965 prime?
False
Is 11428413 a composite number?
True
Is 5601017 a composite number?
False
Is 416584841 composite?
False
Is 6357049 a composite number?
True
Is 498493 a composite number?
False
Is 35464817 prime?
True
Is 10694729 a prime number?
True
Is 45017779 prime?
False
Is 61261649 a composite number?
False
Is 21739934 a prime number?
False
Is 3909019 a prime number?
True
Is 105038149 a prime number?
True
Is 9857413 a composite number?
False
Is 1030391 composite?
True
Is 30784595 composite?
True
Is 2515463 a prime number?
False
Is 5828903 composite?
True
Is 139226159 composite?
False
Is 553433 a composite number?
False
Is 191897 composite?
True
Is 526853 composite?
False
Is 23802371 a prime number?
True
Is 18947509 a composite number?
True
Is 73084623 prime?
False
Is 4865489 a prime number?
False
Is 148689517 a composite number?
False
Is 1145827 composite?
True
Is 22246535 a prime number?
False
Is 1308940037 a composite number?
False
Is 27179689 a composite number?
True
Is 29347781 a composite number?
False
Is 6580051 a prime number?
True
Is 4523357 a composite number?
False
Is 2680709 composite?
False
Is 111484111 composite?
False
Is 8994291 a prime number?
False
Is 28629053 prime?
False
Is 423127633 composite?
False
Is 3565763 composite?
True
Is 483027 prime?
False
Is 40050841 a prime number?
False
Is 1605617461 a composite number?
True
Is 353370233 a prime number?
False
Is 236219839 prime?
False
Is 20261921 prime?
False
Is 10781699 prime?
True
Is 1323047 a prime number?
False
Is 3463553 a composite number?
True
Is 303797 composite?
True
Is 2376818 a composite number?
True
Is 541113427 a composite number?
False
Is 8440369 composite?
True
Is 121503163 composite?
False
Is 984667 a prime number?
True
Is 29694851 a prime number?
False
Is 2755747 composite?
False
Is 2302621 composite?
True
Is 4031081 composite?
False
Is 33857407 a composite number?
True
Is 11743423 prime?
True
Is 217088995 a prime number?
False
Is 553249 a prime number?
True
Is 481352323 prime?
True
Is 6869389 prime?
True
Is 3281933 prime?
True
Is 1933007 prime?
True
Is 30266231 a composite number?
True
Is 820743515 prime?
False
Is 2212345 a composite number?
True
Is 104584157 a composite number?
False
Is 181778291 a composite number?
True
Is 37509161 prime?
True
Is 47957497 prime?
False
Is 67549954 prime?
False
Is 1192847057 composite?
False
Is 231128111 prime?
False
Is 20840233 composite?
False
Is 2167813 prime?
True
Is 64934817 a composite number?
True
Is 63799787 a prime number?
True
Is 10752593 prime?
False
Is 3779299 composite?
False
Is 1092887 a prime number?
True
Is 30212911 a prime number?
False
Is 41206663 prime?
False
Is 5718047 a prime number?
True
Is 142159793 prime?
False
Is 32554363 prime?
True
Is 3629519 a prime number?
True
Is 373405337 prime?
True
Is 9252059 a composite number?
True
Is 8577241 a prime number?
False
Is 420083 a prime number?
False
Is 170022221 a prime number?
True
Is 4729447 prime?
True
Is 15949337 prime?
True
Is 722987 a composite number?
True
Is 29218697 prime?
True
Is 138779681 a composite number?
False
Is 46727837 composite?
True
Is 10690963 prime?
True
Is 3842117 prime?
False
Is 16108655 a composite number?
True
Is 15627823 a prime number?
False
Is 1915727 a composite number?
True
Is 1947307 a prime number?
True
Is 22046191 a composite number?
True
Is 21266449 prime?
True
Is 9882809 composite?
False
Is 33733379 a prime number?
False
Is 44966111 a composite number?
False
Is 2326585 a prime number?
False
Is 9722939 prime?
True
Is 17361431 a composite number?
False
Is 26317349 composite?
True
Is 38304047 a composite number?
False
Is 10877717 a composite number?
True
Is 88669421 a prime number?
True
Is 171554665 a composite number?
True
Is 771109 prime?
True
Is 28636027 a prime number?
False
Is 52820491 composite?
False
Is 5855137 a composite number?
True
Is 702671 prime?
True
Is 10271659 a composite number?
True
Is 49596679 a composite number?
True
Is 43270273 a composite number?
True
Is 14827499 composite?
False
Is 26502911 composite?
True
Is 103275791 prime?
True
Is 9709697 a composite number?
True
Is 7710277 a composite number?
False
Is 151561831 a prime number?
True
Is 47818 prime?
False
Is 70092461 prime?
True
Is 54027971 a composite number?
False
Is 7162585 composite?
True
Is 12556237 a prime number?
True
Is 16870261 composite?
True
Is 16523677 composite?
True
Is 4903183 prime?
False
Is 14980579 a prime number?
False
Is 31323043 a composite number?
True
Is 13315363 a composite number?
True
Is 2328002 composite?
True
Is 66740095 a prime number?
False
Is 2337469 a prime number?
False
Is 46374641 prime?
False
Is 497402 prime?
False
Is 10711747 a composite number?
True
Is 3072911 a prime number?
True
Is 5667281 composite?
False
Is 35773741 a prime number?
False
Is 23176977 a composite number?
True
Is 1673989 a prime number?
False
Is 15948817 a composite number?
True
Is 4819867 a prime number?
False
Is 2150693 prime?
False
Is 23772643 composite?
False
Is 20173207 a prime number?
True
Is 363268313 composite?
False
Is 8599277 composite?
True
Is 512978374 a composite number?
True
Is 102140603 a composite number?
False
Is 2896217 a composite number?
True
Is 71563 a composite number?
False
Is 8957873 a prime number?
False
Is 4749377 a composite number?
False
Is 102121 a prime number?
True
Is 2976238 composite?
True
Is 5094445 prime?
False
Is 1322703841 a prime number?
False
Is 104682427 a prime number?
True
Is 11152681 composite?
True
Is 9442523 composite?
False
Is 648779 a prime number?
True
Is 77779129 prime?
True
Is 19503223 prime?
True
Is 1178500573 composite?
False
Is 992461 composite?
False
Is 5448617 prime?
True
Is 44916743 a prime number?
True
Is 16121041 prime?
True
Is 221047399 a composite number?
True
Is 254274299 a composite number?
False
Is 4539637 composite?
True
Is 82460501 a prime number?
True
Is 106171519 a composite number?
True
Is 353669 composite?
True
Is 5628551 a composite number?
True
Is 5225971 prime?
True
Is 9662243 prime?
True
Is 62186989 prime?
True
Is 71958461 a composite number?
False
Is 1129991 prime?
True
Is 21081461 composite?
True
Is 5132443 composite?
False
Is 10791439 a composite number?
True
Is 60856891 prime?
True
Is 134695343 a composite number?
True
Is 3943 composite?
False
Is 2085851 composite?
True
Is 1674305 prime?
False
Is 142357 prime?
True
Is 53693807 composite?
False
Is 7855163 prime?
True
Is 26813881 prime?
True
Is 32387321 prime?
False
Is 287026967 composite?
False
Is 341371 a composite number?
True
Is 15970247 prime?
True
Is 158489 prime?
True
Is 13364367 composite?
True
Is 60147289 prime?
False
Is 809834897 composite?
False
Is 467822119 prime?
True
Is 16820273 a composite number?
False
Is 890653 composite?
False
Is 81804543 a prime number?
False
Is 403270367 composite?
True
Is 13589297 composite?
True
Is 2189267 composite?
False
Is 435837505 a composite number?
True
Is 17063789 prime?
False
Is 22794293 a prime number?
False
Is 2385655 prime?
False
Is 2653351 prime?
True
Is 42731341 prime?
True
Is 2877143 a prime number?
True
Is 56571629 composite?
True
Is 273893431 composite?
True
Is 7514921 composite?
True
Is 66831959 composite?
True
Is 3820789 composite?
True
Is 57931117 a composite number?
False
Is 200899137 prime?
False
Is 5742109 a prime number?
False
Is 360311695 a composite number?
True
Is 6095071 composite?
False
Is 80925263 prime?
True
Is 23017433 prime?
True
Is 4287817 a prime number?
False
Is 5166289 a composite number?
False
Is 30971859 a composite number?
True
Is 1415203 prime?
False
Is 203741 prime?
False
Is 5115559 composite?
False
Is 246391 prime?
True
Is 56047291 a prime number?
False
Is 95284271 a composite number?
Fa